the highest common divisor of c and n?
1
Let w(v) = 5*v**2 - 2. Let q be w(2). Let n be (-10)/3*q/(-10). Calculate the greatest common factor of 66 and n.
6
Suppose 17 + 51 = 2*j + 5*c, -3*c = -3*j + 81. Suppose -84 = -5*z - j. Calculate the greatest common divisor of z and 121.
11
Let i = -107 + 113. Calculate the greatest common divisor of i and 14.
2
Suppose -14 = 4*a - 38. Calculate the greatest common factor of 15 and a.
3
Suppose -2*y = -10, 3*y = 3*o - 12 + 39. Let u be -108*1/o*2. Let v = 15 - -3. Calculate the highest common factor of u and v.
18
Let o(u) = -8*u - 4. Let t be o(-3). Calculate the highest common factor of 4 and t.
4
Let s(c) = 3*c - 1. Let y be 6*-1*2/(-3). Let r be s(y). What is the greatest common divisor of 77 and r?
11
Let n be ((-378)/(-45))/(4/10). What is the greatest common factor of n and 168?
21
Let g be 6/(-30) - (-16)/5. Suppose -178 = -g*x + 308. Suppose 2*d = -2*k + 32, 2*d + 0*k + k = 34. Calculate the greatest common divisor of x and d.
18
Suppose -h + 8 = -b + 24, -2*b + 5*h + 29 = 0. Calculate the greatest common divisor of b and 119.
17
Let n = 0 + 5. Suppose 3*c + 55 = n*c + g, -5*g = c - 5. Calculate the greatest common factor of 6 and c.
6
Let v be 9/(-6) + 171/18. What is the greatest common factor of 8 and v?
8
Let c = 2 + 15. Calculate the greatest common divisor of 34 and c.
17
Suppose 4*c + 3*n = -69, -n = 4*c - 18 + 81. Let i be (-2)/15*3*c. What is the highest common divisor of i and 48?
6
Suppose 5 = v - 3. Calculate the highest common factor of 16 and v.
8
Suppose g + 4*g - 45 = 0. Let h = g - 7. What is the greatest common divisor of 20 and h?
2
Suppose -2*g + 25 = 3*g. Let c(b) = -2*b - 3. Let k be c(-4). What is the greatest common divisor of k and g?
5
Let r(i) be the third derivative of i**4/12 + 13*i**3/6 + i**2. Let x be r(0). Calculate the greatest common divisor of 117 and x.
13
Suppose -u - 14 = -4*l + 6, 5*u = -5*l. Let q = u - 2. Let f be 6/4*(-28)/q. Calculate the highest common divisor of 21 and f.
7
Let f(q) = q**3 + 28*q**2 - 32*q - 69. Let g be f(-29). Let t = 292 - 94. Calculate the greatest common divisor of t and g.
18
Suppose -2*p = -5*p - 2*l + 80, 4*p + 5*l - 116 = 0. What is the highest common divisor of 2 and p?
2
Suppose -4*d = -0*z + 2*z - 30, z + 5*d - 30 = 0. Suppose -z*b - 43 = -r, 4*r - 5*b - 111 = 16. Calculate the highest common factor of r and 14.
14
Suppose 3*m - 9 = 0, -2*f = -2*m - 17 + 1. Let a = f + -7. Calculate the highest common divisor of 4 and a.
4
Let q = 18 - 11. What is the greatest common divisor of 14 and q?
7
Let s(o) = -2*o - 24. Let w be s(-13). What is the greatest common factor of w and 20?
2
Let q be 2 - (1 + -1 - 61). Suppose 4*m + 3*d = 21, -20 = -5*m + 2*d - 7*d. What is the highest common factor of m and q?
9
Let g(j) = j**2 + j - 4. Let b be (-2)/9 - 86/18. Let i be g(b). What is the highest common factor of 4 and i?
4
Let t be 30/12*(-460)/(-25). Calculate the greatest common divisor of t and 46.
46
Suppose 3*j + 81 = 6*j. Calculate the greatest common factor of 9 and j.
9
Let r = -67 - -26. Let w = -24 - r. Let u = w + -6. What is the greatest common divisor of 77 and u?
11
Let p = -2 + -3. Let s(t) = -t**3 - 3*t**2 + 6*t - 6. Let b be s(p). What is the greatest common divisor of b and 70?
14
Let v = -3 - -7. Suppose -2*d = -5*r - 265, -4*r + v = -0. Calculate the highest common divisor of 15 and d.
15
Let p = 3 + 0. Suppose 0*i + 110 = 4*i + 3*m, -2*i + p*m = -64. Let b = 48 - i. Calculate the greatest common factor of 152 and b.
19
Suppose 4*c - 3*c - 2 = 0. Let m be (-35)/(-5) + (-3 - (-2)/(-2)). Calculate the greatest common factor of c and m.
1
Suppose m + 142 = 421. What is the greatest common divisor of 31 and m?
31
Suppose 15 = -31*p + 36*p. What is the highest common factor of p and 1?
1
Suppose 48 = 5*s - 3*r, 2*s + 2*s - 2*r = 38. Calculate the greatest common factor of s and 18.
9
Let y(r) be the first derivative of r**2/2 - 7*r + 3. Let q be y(8). Calculate the highest common divisor of q and 4.
1
Let c(x) be the first derivative of -1/4*x**4 + 8*x - 1/2*x**2 + 1/3*x**3 + 3. Let h be c(0). What is the greatest common divisor of 1 and h?
1
Suppose -3*q - 340 - 212 = -3*c, -3*q = 5*c - 888. Let b be 60/8*16/6. Calculate the highest common divisor of c and b.
20
Suppose -5*i - 5*o - 38 + 123 = 0, 3 = 3*o. Calculate the highest common factor of i and 80.
16
Let c(b) = -b**3 - 10*b**2 - 2*b - 7. Let t be c(-11). Let o be t/36 + 4/18. What is the highest common divisor of o and 44?
4
Suppose 2*i + 4*i - 1800 = 0. Suppose 2*p - 7*p = -i. Calculate the greatest common divisor of p and 12.
12
Suppose -2*j + 9 = 4*d + j, -3 = 3*j. Suppose 0*t - 129 = -5*o + 3*t, t + 79 = 3*o. What is the highest common factor of d and o?
3
Let q(s) be the third derivative of s**6/120 + 2*s**5/15 - 11*s**4/24 + 4*s**2. Let o be q(-8). Calculate the highest common divisor of o and 8.
8
Let j be ((-3)/6)/(6/(-60)). Suppose 6*f - 20 = j*f. Calculate the highest common factor of 10 and f.
10
Suppose -3*j + 513 + 873 = 0. Calculate the highest common divisor of j and 42.
42
Suppose -2 + 191 = 3*u. Calculate the highest common divisor of 7 and u.
7
Let b(k) = -k**3 - 14*k**2 - 30*k - 4. Let x be b(-12). What is the greatest common factor of x and 272?
68
Let p = 69 + -29. What is the highest common divisor of 8 and p?
8
Let a = 14 - 7. Suppose 0*j - 43 = -3*j - 5*l, -2*j + 4*l = 8. Let v be (-8)/((-1)/(21/j)). What is the highest common factor of v and a?
7
Suppose 0*t + 330 = 2*t. Suppose -6*y + 3*y + t = 0. Calculate the highest common factor of 22 and y.
11
Suppose 2*m - 150 = -3*j, 4*j - m = -2*m + 200. Calculate the highest common divisor of 10 and j.
10
Suppose -3*f = -h + 19, -5*f = -5*h - 15 + 60. Suppose 0*z = m - z, -2*z = h*m - 6. Calculate the highest common divisor of 9 and m.
1
Suppose 0 = -c - 2*c + 114. Suppose k + 3*u = 9, 2*k + u - c + 0 = 0. Calculate the highest common divisor of k and 63.
21
Let v(p) = -11*p - p**3 - 4 + 9 + 7 - 11*p**2. Suppose 6*b = 2*b - 4, m - b = -9. Let g be v(m). Calculate the highest common factor of g and 22.
22
Suppose -5*r + 0 = -d + 3, 0 = 3*d - r - 37. What is the greatest common factor of 13 and d?
13
Let x = -4 - -6. Let h = x - -38. Let y be (3 + (-1 - 22))/(2/(-1)). Calculate the highest common divisor of y and h.
10
Let q be 1 - 14/4*-2. Suppose -10*d + 24 = -9*d. What is the greatest common factor of q and d?
8
Let i = -71 - -147. Suppose -3*x + i = s, -3*x + 5*x - 284 = -4*s. Calculate the greatest common divisor of s and 10.
10
Let a(y) = -y**3 - 2*y**2 - y - 3. Let d be a(-3). What is the greatest common factor of 6 and d?
3
Suppose 2 - 8 = -2*t. Let n(b) = 34*b - 5. Let q be n(5). Suppose -c - 4*c = -q. Calculate the greatest common factor of t and c.
3
Let h be (9/(-6))/((-3)/8). Suppose h = d - 0*d. What is the highest common divisor of 16 and d?
4
Suppose -3*c + 4*m = -2*c - 176, 0 = -c - 2*m + 206. Let v = c - 115. What is the greatest common factor of 9 and v?
9
Suppose -93 = -7*y + 110. Let i = y + -14. What is the highest common divisor of i and 45?
15
Suppose -q = 4*q - 10. Let m(g) = -g + q*g - 2*g - 3. Let k be m(-7). What is the greatest common factor of 2 and k?
2
Suppose -26 = u + 1. Let o = 44 + u. What is the greatest common factor of o and 136?
17
Let w = 22 + -10. Let g = -10 + w. Suppose 2*p + p = x + 2, -4*x = -4*p. What is the highest common factor of g and p?
1
Suppose 3*q - 77 = -5*l, -5*l - 54 = -5*q - 139. Suppose p = -3*p + 16. What is the greatest common factor of l and p?
4
Let d(u) = -u**2 - 11*u - 1. Let q be d(-8). What is the greatest common divisor of 253 and q?
23
Let f be -2 - (-2 - (-3 + 4)). Let a = f - -4. What is the greatest common divisor of 5 and a?
5
Let s = -1 - 0. Let f(o) = -11*o**3 + o**2 + 2*o + 1. Let i be f(s). What is the greatest common divisor of 55 and i?
11
Let l be 2/(13/(-5) - -3). Suppose -4*z = -l*z + 42. What is the highest common divisor of z and 14?
14
Let p be 52/14 + (-18)/(-63). Suppose -5*x - p*t = -40, -x + 0*t + 2 = 2*t. What is the highest common factor of 36 and x?
12
Let k(z) = -z**3 + 13*z**2 + 3*z - 17. Let q be k(13). Calculate the highest common factor of 66 and q.
22
Suppose -3*m + c = m - 202, 3*m - 2*c = 154